by 8?
7
Let l(m) = m**2 + 5*m - 6. Calculate the remainder when 47 is divided by l(-7).
7
Suppose 11 = 2*b - 11. Suppose 0 = 2*f - b - 11. Let k = -6 + 9. What is the remainder when f is divided by k?
2
Suppose 0 = z + x - 130, 5*z - x - 213 = 413. Calculate the remainder when z is divided by 43.
40
Suppose -2*l + 15 + 45 = 0. Let i be (-1)/((-2 + 1)/1). Calculate the remainder when l is divided by -1*(-7 - 1)*i.
6
Let n(m) = 15*m + 1. Let y(g) = -g**3 + 6*g**2 + 10*g - 15. What is the remainder when n(1) is divided by y(7)?
4
Let h = -1 - -11. Suppose 2*b - 4 - h = -j, -2*j = b - 10. What is the remainder when 21 is divided by b?
3
Suppose 13 = -5*p - 7, q + 2*p + 4 = 0. Calculate the remainder when (-434)/(-7) + q/2 is divided by 22.
20
Suppose 3*m + 2*m - 125 = 0. Calculate the remainder when m is divided by 13.
12
Let y(b) = -46*b + 1. Suppose -q = 1 - 0. Let g = 28 + -12. What is the remainder when y(q) is divided by g?
15
Suppose 0*i = i + 2. Calculate the remainder when 1/i - (-830)/20 is divided by 11.
8
Let z(m) = 2*m**2 + 2*m - 15. Calculate the remainder when 33 is divided by z(-4).
6
Let x(k) = -2*k**3 + 16*k**2 - k + 11. Let z(a) = a**2. What is the remainder when z(-3) is divided by x(8)?
0
Let z(c) = -c**2 + 7*c - 1. What is the remainder when 30 is divided by z(3)?
8
Suppose -s + 2*t = -4, -1 - 3 = -s - 3*t. What is the remainder when 6 is divided by s?
2
Let p(t) = 5*t - 18. Let m(x) = 4*x - 17. Let q(l) = 7*m(l) - 6*p(l). What is the remainder when q(-8) is divided by 3?
2
Let z = -29 + 53. Let l be (-4)/(-2) + -1*17. Let s = l + z. Calculate the remainder when 25 is divided by s.
7
Suppose 4*p + 24 + 24 = 0. Let g = 8 - p. Suppose -31 = -5*u + 4. What is the remainder when g is divided by u?
6
Let c = 0 - -14. Suppose -w - w = -c. Calculate the remainder when w is divided by -9*3/(-9) + 0.
1
Let j = 24 - 14. Calculate the remainder when 19 is divided by j.
9
Suppose 5*y - 20 = y - 4*g, 5*y - 28 = -4*g. Let c(k) = -y*k**3 + 21*k**3 - 3*k**2 + k**2 + k. Calculate the remainder when 23 is divided by c(1).
11
Let v(p) = -p - 1. Let w be v(-5). Suppose 6 = i + 2*m, -i = 4*i - w*m - 16. What is the remainder when 6 is divided by i?
2
Suppose -72 = -4*r - 4*t, r - 4*t + 87 = 6*r. Calculate the remainder when 58 is divided by r.
13
Suppose 2*d = -1 + 11. Let i = 22 - d. Let q = 91 - 58. What is the remainder when q is divided by i?
16
Suppose 0 = -f - 4*d + 27, -5*f = d + 4*d - 60. Calculate the remainder when f is divided by 2.
1
Suppose 2*l - p - 23 = l, 5*p - 25 = 0. Calculate the remainder when l is divided by 5.
3
Let y = 51 + -28. Suppose -2*x + 5 = 4*u - 1, y = 2*u - 3*x. Calculate the remainder when u*(3/(-3))/(-2) is divided by 1.
0
Suppose w - 3*x + 30 = 0, 4*w + 3*x - x = -162. Let z = -28 - w. What is the remainder when 32 is divided by z?
10
Suppose 0 = 3*x - 3 - 3. Suppose -90 + 20 = -x*a. Let y(w) = -w**2 - 5*w + 5. What is the remainder when a is divided by y(-4)?
8
Suppose 5*z = 4*z + 2. Calculate the remainder when (-48)/z*(-4)/3 is divided by 12 + 2 - (-4 - -7).
10
Suppose w - 7 = -1. What is the remainder when 11 is divided by w?
5
Let i = 264 - 182. Calculate the remainder when i is divided by 17.
14
Calculate the remainder when 23 is divided by 172/14 + 7/49*-2.
11
Let n(c) = -20*c + 1. Calculate the remainder when n(-1) is divided by 6.
3
Suppose -3*k + 6 = -9. Suppose k*c - 3*c - 5*d - 80 = 0, -3*d + 138 = 5*c. Calculate the remainder when c is divided by 16.
14
Let r(n) = -n**3 + 7*n**2 + 8*n - 9. Suppose -25 = -3*k + 23. Calculate the remainder when r(7) is divided by k.
15
What is the remainder when 171 is divided by 0 - (4 + (-99)/3)?
26
Let q be 12*(0 + 8/6). Suppose -j + 15 = -q. Let p(r) = -11*r**3 + 3*r**2 + 3*r. What is the remainder when j is divided by p(-1)?
9
Let u(w) = -12*w - 6. Let n be u(-2). What is the remainder when 17 is divided by n*(15/6 + -2)?
8
Let h = -7 + 43. Let m = -22 + h. Calculate the remainder when 2/((-4)/(-54)) - 1 is divided by m.
12
Calculate the remainder when 71 is divided by 48*(2 + (-12)/8).
23
Suppose 5*z - 391 = 9. Suppose 4*x - z = f, 40 = 2*x - f + 3*f. Calculate the remainder when 39 is divided by x.
19
Let z be (0 + 3)*(-4)/(-2). Calculate the remainder when (-128)/(-7) + z/(-21) is divided by 5.
3
Let a(l) = -l. Let b be (-3)/(-5)*(-5 + 0). Calculate the remainder when 7 is divided by a(b).
1
Let l = 34 - 25. Calculate the remainder when 43 is divided by l.
7
Let x = 12 + -3. Calculate the remainder when 2/x - (-140)/18 is divided by 5.
3
Suppose 1 - 17 = -j - 4*v, 0 = -3*v + 6. Suppose j = 4*o - 4*w, 2*o + 0 = -5*w + 4. Suppose -o*b + 4 + 12 = 0. What is the remainder when 14 is divided by b?
6
Suppose -3*w + 17 + 13 = 0. Let o = 6 - 1. Suppose 13 = b - 5*c - 20, -4*b = -o*c - 147. Calculate the remainder when b is divided by w.
8
Let q(y) = 12*y + 14. What is the remainder when q(14) is divided by 46?
44
Let f be (-3)/2 - (-371)/2. Suppose -f = -4*b - 0*b. Calculate the remainder when b is divided by 12.
10
Suppose 10*j - 4*v = 5*j - 10, -j + 2*v - 2 = 0. Let n be (-2)/(-9) - (-29584)/36. Calculate the remainder when j/8 - n/(-24) is divided by 12.
10
Let o(m) = 6*m - 5 + 2 + 7 - m**2. Calculate the remainder when 0 + 1 + 8 + 2 is divided by o(6).
3
Suppose 0 = 5*c + 3 - 153. Let q(h) = 40*h - 32. Calculate the remainder when q(3) is divided by c.
28
Suppose -2*v + 5*v - 5*k + 26 = 0, -3*v = -k + 34. Let t = v + 24. What is the remainder when 33 is divided by t?
9
Suppose -5*m + 30 = -3*f - 1, -3*m = 4*f + 51. Let n = f + 17. What is the remainder when (-4 + 1)*(-2 + -1) is divided by n?
4
Let v(q) = q**2 + 9*q + 9. Let k be v(-8). Suppose -2*c - k + 11 = 0. What is the remainder when c is divided by 1 - (-1 - (-1)/(-1))?
2
Suppose 3*h - 100 = 101. Calculate the remainder when h is divided by 174/10 - 2/5.
16
Suppose 6*p = -k + p + 70, 0 = -5*k + 4*p + 234. What is the remainder when k is divided by 26?
24
Calculate the remainder when 40 is divided by -2 + 25 + -1 + -1.
19
Suppose -4*w + 144 + 96 = 0. Let q = -104 + w. Calculate the remainder when q*(-2)/(4/1) is divided by 12.
10
Suppose -1 = k, -3*k - 145 = -3*b + k. Calculate the remainder when b is divided by 10.
7
Suppose 5*g - 8 = 6*g. What is the remainder when 16/g*22/(-4) is divided by 6?
5
Let c(q) = -q - 4. Let f(y) = y**3 + 2*y**2 + 4*y + 3. Let r be f(-2). Let j be c(r). Calculate the remainder when 35 is divided by j/3 + 70/6.
11
Suppose 2*y - 2*v - 4 = 0, -4*v = 2*y - 0*y + 14. Let j(a) = 28*a**2 + 1. Calculate the remainder when j(y) is divided by 6.
5
Let i = -10 - -12. Let g(w) = w**3 + 2*w**2 - w - 2. Let c be g(i). Suppose 0 = 4*l - 0*l + 4*h - c, 0 = 2*h + 4. What is the remainder when 18 is divided by l?
3
Suppose -3*l = -4*l. Suppose 3*o = 3*z - 6, l*o = -3*o - 4*z + 29. Suppose -c = -6*s + 2*s + 93, o*s - 67 = -2*c. What is the remainder when s is divided by 13?
10
Let u(g) = g**3 + 2*g**2 - 2*g + 1. Let c(l) = -l + 7. Let q be c(6). Let a be ((0 - 0) + 1)*q. What is the remainder when 2 is divided by u(a)?
0
Suppose 4*n = 3*b + 85, -2*n = 4*b - 66 + 18. Suppose -i + 3*v = -26, 2*i - i - n = v. What is the remainder when 39 is divided by i?
19
What is the remainder when -12 + 9 + 4 - (-1 - 16) is divided by 10?
8
Suppose -3*p - 2*p = -1050. Calculate the remainder when (1/(-3))/((-2)/p) is divided by 9.
8
Let x(t) = -t - 5. Let c be x(-7). Suppose 0*o + 2*h = -2*o + 64, 4*h + 96 = 4*o. Calculate the remainder when o is divided by 8/c*(-10)/(-4).
8
Suppose 16*h - 18*h + 53 = u, -3*u - 111 = -4*h. Calculate the remainder when 46 is divided by h.
19
Let f(k) = -31*k**3 + k**2 + k + 1. Let r(i) = i**2 + 7*i + 5. Let x be r(-6). Calculate the remainder when f(x) is divided by 11.
10
Suppose 5*l = -132 - 33. Let v be (l/(-6))/(1/2). Let y = 23 - v. What is the remainder when 34 is divided by y?
10
Let o be 30 + 5/(20/8). Suppose 5*w + o = 127. What is the remainder when w is divided by 10?
9
Suppose 4*n + 2*d - 72 = 0, 2*n = -4*d - 0*d + 24. What is the remainder when 58 is divided by n?
18
Suppose -n - 1 = -4. Suppose -n*o + 6 = -4*c, -3*o - c + 15 = -o. Let z(d) = -d**3 - 15*d**2 - 2*d - 20. Calculate the remainder when z(-15) is divided by o.
4
Let y = -19 - -77. What is the remainder